en 3585 is divided by 1194.
3
Calculate the remainder when 1063 is divided by 130.
23
What is the remainder when 93964 is divided by 31299?
67
What is the remainder when 13390 is divided by 183?
31
What is the remainder when 12925 is divided by 517?
0
Calculate the remainder when 1728 is divided by 416.
64
What is the remainder when 1136 is divided by 282?
8
Calculate the remainder when 45566 is divided by 105.
101
Calculate the remainder when 30080 is divided by 12.
8
What is the remainder when 107196 is divided by 134?
130
What is the remainder when 99903 is divided by 15?
3
What is the remainder when 676229 is divided by 225398?
35
Calculate the remainder when 821 is divided by 104.
93
Calculate the remainder when 714 is divided by 5.
4
What is the remainder when 22516 is divided by 7489?
49
Calculate the remainder when 254681 is divided by 169.
167
Calculate the remainder when 13923 is divided by 4641.
0
Calculate the remainder when 139463 is divided by 32.
7
Calculate the remainder when 1584 is divided by 6.
0
Calculate the remainder when 14363 is divided by 1105.
1103
What is the remainder when 15690 is divided by 36?
30
What is the remainder when 35109 is divided by 462?
459
Calculate the remainder when 44896 is divided by 91.
33
Calculate the remainder when 180217 is divided by 359.
358
What is the remainder when 256614 is divided by 2820?
2814
Calculate the remainder when 1118991 is divided by 109.
106
Calculate the remainder when 1217681 is divided by 1109.
1108
What is the remainder when 157172 is divided by 3?
2
Calculate the remainder when 5501 is divided by 550.
1
Calculate the remainder when 5728 is divided by 641.
600
Calculate the remainder when 17274 is divided by 21.
12
Calculate the remainder when 68683 is divided by 212.
207
Calculate the remainder when 119950 is divided by 147.
145
Calculate the remainder when 18557 is divided by 68.
61
What is the remainder when 11020 is divided by 922?
878
Calculate the remainder when 6903 is divided by 2288.
39
What is the remainder when 4972 is divided by 987?
37
What is the remainder when 12091 is divided by 252?
247
Calculate the remainder when 1957 is divided by 38.
19
What is the remainder when 1602 is divided by 335?
262
What is the remainder when 274 is divided by 51?
19
Calculate the remainder when 11086 is divided by 953.
603
What is the remainder when 88613 is divided by 27?
26
What is the remainder when 2099394 is divided by 26?
24
Calculate the remainder when 109915 is divided by 54954.
7
Calculate the remainder when 28028 is divided by 364.
0
Calculate the remainder when 3305 is divided by 2828.
477
What is the remainder when 683 is divided by 149?
87
What is the remainder when 590 is divided by 73?
6
What is the remainder when 604 is divided by 329?
275
What is the remainder when 471 is divided by 90?
21
Calculate the remainder when 1473 is divided by 233.
75
Calculate the remainder when 261258 is divided by 140.
18
What is the remainder when 11909 is divided by 2976?
5
Calculate the remainder when 51609 is divided by 25741.
127
What is the remainder when 471 is divided by 461?
10
What is the remainder when 368996 is divided by 984?
980
What is the remainder when 161205 is divided by 35?
30
Calculate the remainder when 27183 is divided by 13561.
61
Calculate the remainder when 2265 is divided by 41.
10
Calculate the remainder when 29186 is divided by 29155.
31
What is the remainder when 7476 is divided by 58?
52
Calculate the remainder when 656 is divided by 305.
46
Calculate the remainder when 128333 is divided by 372.
365
What is the remainder when 17372 is divided by 424?
412
What is the remainder when 27243 is divided by 438?
87
What is the remainder when 22616 is divided by 9?
8
Calculate the remainder when 5629 is divided by 2.
1
Calculate the remainder when 64036 is divided by 31995.
46
Calculate the remainder when 29855 is divided by 126.
119
What is the remainder when 34772 is divided by 5780?
92
Calculate the remainder when 945741 is divided by 76.
73
What is the remainder when 2101709 is divided by 16?
13
Calculate the remainder when 87729 is divided by 12.
9
What is the remainder when 27985 is divided by 124?
85
Calculate the remainder when 23570 is divided by 7.
1
What is the remainder when 114975 is divided by 57372?
231
What is the remainder when 1739 is divided by 1530?
209
What is the remainder when 4512343 is divided by 8?
7
What is the remainder when 25882 is divided by 3681?
115
Calculate the remainder when 3037 is divided by 153.
130
What is the remainder when 18874 is divided by 233?
1
What is the remainder when 1830 is divided by 1185?
645
Calculate the remainder when 2740 is divided by 449.
46
Calculate the remainder when 2310 is divided by 136.
134
What is the remainder when 2720 is divided by 245?
25
What is the remainder when 1739 is divided by 65?
49
Calculate the remainder when 5998 is divided by 24.
22
What is the remainder when 178439 is divided by 33?
8
Calculate the remainder when 69534 is divided by 638.
630
Calculate the remainder when 538621 is divided by 7.
6
What is the remainder when 6023 is divided by 72?
47
Calculate the remainder when 276992 is divided by 12.
8
Calculate the remainder when 77811 is divided by 594.
591
Calculate the remainder when 8281 is divided by 2733.
82
What is the remainder when 25630 is divided by 8524?
58
What is the remainder when 144696 is divided by 4?
0
What is the remainder when 21101 is divided by 1307?
189
What is the remainder when 63286 is divided by 3722?
12
Calculate the remainder when 28365 is divided by 546.
519
Calculate the remainder when 28950 is divided by 62.
58
What is the remainder when 68398 is divided by 300?
298
What is the remainder when 285436 is divided by 95138?
22
What is the remainder when 1313 is divided by 1194?
119
Calculate the remainder when 70068 is divided by 141.
132
What is the remainder when 14617 is divided by 55?
42
Calculate the remainder when 695468 is divided by 115910.
8
Calculate the remainder when 6028 is divided by 2945.
138
Calculate the remainder when 1046 is divided by 81.
74
Calculate the remainder when 140881 is divided by 54.
49
Calculate the remainder when 51372 is divided by 1659.
1602
What is the remainder when 623859 is divided by 39?
15
Calculate the remainder when 184194 is divided by 307.
301
What is the remainder when 68033 is divided by 138?
137
Calculate the remainder when 2751 is divided by 780.
411
What is the remainder when 383466 is divided by 4854?
0
Calculate the remainder when 154256 is divided by 134.
22
Calculate the remainder when 21925 is divided by 447.
22
Calculate the remainder when 333817 is divided by 8.
1
Calculate the remainder when 217583 is divided by 153.
17
What is the remainder when 5245 is divided by 2555?
135
Calculate the remainder when 11284 is divided by 305.
304
Calculate the remainder when 32767 is divided by 415.
397
Calculate the remainder when 1162 is divided by 77.
7
Calculate the remainder when 4456 is divided by 81.
1
What is the remainder when 2282 is divided by 190?
2
What is the remainder when 6535 is divided by 1586?
191
Calculate the remainder when 631 is divided by 256.
119
What is the remainder when 8643 is divided by 49?
19
What is the remainder when 24629 is divided by 190?
119
What is the remainder when 23064 is divided by 19?
17
Calculate the remainder when 789 is divided by 343.
103
Calculate the remainder when 1055036 is divided by 32.
28
Calculate the remainder when 1020 is divided by 7.
5
What is the remainder when 2550 is divided by 2422?
128
What is the remainder when 165662 is divided by 705?
692
What is the remainder when 6023 is divided by 32?
7
Calculate the remainder when 5458 is divided by 42.
40
Calculate the remainder when 141635 is divided by 116.
115
Calculate the remainder when 2501 is divided by 301.
93
Calculate the remainder when 253684 is divided by 21140.
4
What is the remainder when 351102 is divided by 479?
474
Calculate the remainder when 2808 is divided by 87.
24
Calculate the remainder when 32324 is divided by 18.
14
Calculate the remainder when 2312 is divided by 197.
145
Calculate the remainder when 418000 is divided by 2.
0
What is the remainder when 51910 is divi